digit of y?
6
Suppose -3*t + 39 + 24 = 4*v, -48 = -3*t + v. Let y = 24 - t. What is the units digit of y?
7
Let w = -1 - -11. Suppose -3*n - w = -2*b, b + 5*n = 5*b - 20. Suppose m + 4 = b*m. What is the units digit of m?
1
Suppose 5*j - 36 = -y + 5*y, 5*y = -3*j - 8. Suppose 4 = -q + 1. What is the units digit of (-4)/q - j/(-6)?
2
Let f be 1 + 0 + (21 - -2). Let t be 15/(-6)*f/20. What is the units digit of 58/8 - t/(-12)?
7
Suppose 57 + 558 = 3*s. What is the tens digit of s?
0
Let a be (-6)/4*(-28)/(-3). Let w be (-284)/a - (-2)/(-7). Suppose 15 = 5*h - w. What is the units digit of h?
7
Suppose 2*v + 4 = b, 3*v + 9 - 3 = -4*b. Suppose b = 5*p - 0*p - 45. What is the units digit of p?
9
Suppose 106 + 146 = 9*v. What is the tens digit of v?
2
Suppose -3*n + 27 + 27 = 0. What is the units digit of n?
8
Let k be 50/(-15)*6/(-4). Let v(g) = g**2 - 4*g - 5. Let l be v(5). Suppose 4*w + 12 = l, 6 = 3*a + k*w + 18. What is the units digit of a?
1
Let u(n) = -n**2 + 5. Let w = 5 + -4. Let o be 0/(w/(-2)*2). What is the units digit of u(o)?
5
Let o(l) = -l**2 - 8*l - 3. Let x be o(-7). Suppose -2*c = h - x*c + 13, h + 17 = 3*c. What is the units digit of 1 + h/((-5)/8)?
9
Let g = -59 - -89. Let d = g - 15. What is the tens digit of d?
1
Let p(f) = f**2 + f. Let a be p(-2). Let b be 1/a + 51/(-6). What is the units digit of 6/4*b/(-3)?
4
Let h(b) = b - 9. What is the units digit of h(10)?
1
Let z(b) be the first derivative of 17*b**4/4 - 2*b**3/3 + 3*b**2/2 - 2*b - 4. What is the tens digit of z(1)?
1
Let s(y) = y**3 + 10*y**2 + 8*y + 7. Let q be s(-9). Let t = 27 - q. What is the tens digit of t?
1
Suppose 3 = 5*r + 63. What is the units digit of ((-16)/(-3))/((-8)/r)?
8
Suppose 9 - 33 = 4*n. Suppose -1 = 5*u + 5*p - 16, -4*u + 2*p + 36 = 0. Let f = u + n. What is the units digit of f?
1
What is the units digit of (1 - -16*3) + 4?
3
Let u = 8 - 5. Suppose 5*w - u*f = -15, -5*f + 25 = -w + 4*w. Suppose -3*b = c - w*c - 13, -4*c + 4 = 0. What is the units digit of b?
4
Suppose 3 + 3 = -2*q - h, 4*h = -2*q - 12. Let r = q + 4. Let x = 11 - r. What is the units digit of x?
9
Let z(b) = -9*b. What is the units digit of z(-6)?
4
Let k(v) = v**3 - 3*v**2 + 4*v - 3. Let a = -4 + 6. Let m be k(a). Suppose 3*u + m = -14, 2*o - 13 = -u. What is the units digit of o?
9
Suppose 3*i - 5*f - 83 = 0, -f + 163 = 5*i + 3*f. What is the tens digit of i?
3
Let m(s) = -2*s. Let n be m(-2). Suppose -n*o + 7 + 1 = 0. Suppose -2*q + 6*q = -o*w + 16, -2*w = 3*q - 15. What is the units digit of w?
6
Let d = 57 - 29. What is the units digit of d?
8
Suppose 3*s - 5 = -14. Let o(l) = l**2 + 3*l - 3. Let g be o(s). What is the units digit of (-2)/g + 1/3?
1
Suppose -4*k - 6 = -6*k. Let n = -3 - k. What is the units digit of ((-8)/n)/(2/3)?
2
Suppose -2*j = 3*f - 5, -2*j + 3 + 3 = 4*f. Suppose 0 = -5*i + i. Let b = f - i. What is the units digit of b?
1
Let u = -4 - -5. Let b(c) = -c + 1. Let y(r) = 16*r - 10. Let i(m) = u*y(m) + 10*b(m). What is the tens digit of i(2)?
1
Let t(s) = 11*s + 12. What is the hundreds digit of t(12)?
1
Let n = 11 + 2. What is the tens digit of n?
1
Let d = -305 + 437. What is the tens digit of d?
3
Suppose -5*h - 4*a - 452 = 0, 5*h + 3*a + 100 + 349 = 0. Let y = -48 - h. What is the units digit of y?
0
Let d = 4 + 3. Let o(a) = 2 + a**2 + 5 - 7*a - 3. What is the units digit of o(d)?
4
Let l = 4 + 10. What is the units digit of (-21)/l*(1 + -3)?
3
Suppose 4*q = 6*q - 200. What is the units digit of q?
0
Let i be (2 - 1) + 0 - 8. Let c = i + 19. What is the units digit of c?
2
Let h = -5 - -17. Let y = -3 + h. What is the tens digit of 18/((y/(-6))/(-1))?
1
What is the units digit of 0 + -2 + -1 + 44?
1
Suppose 0 = -8*x + 669 + 603. What is the hundreds digit of x?
1
Suppose -38*r + 42*r - 180 = 0. Let w be 1/(-3) + (-1)/(-3). Suppose 5*g + w*l + l - 35 = 0, -r = -5*g + l. What is the units digit of g?
8
Suppose 0 = 5*r + a - 24, 0*r + 21 = 4*r - a. Suppose r*g - 1 = 4. What is the units digit of g?
1
Let s(h) = 2*h**2 - h - 2. Let f be s(-2). Suppose -q + 3*q - f = 0. What is the units digit of q?
4
What is the tens digit of (4 - 2) + (0 - -26)?
2
Let z = 82 - 11. What is the units digit of z?
1
Suppose -5*g = -66 + 6. What is the tens digit of g?
1
Let w be (-16)/3*(-12)/8. What is the units digit of (w/6)/((-8)/(-60))?
0
Let s(o) = -18*o - 21. What is the units digit of s(-6)?
7
What is the hundreds digit of (-2 + 11/(-3))/((-18)/648)?
2
Suppose 5*b = 2*z - 432, 4*b = 5*z + b - 1099. What is the hundreds digit of z?
2
Let u(l) = -l**2 + 8*l - 4. Let d be u(8). Let m(p) = p + 4. Let t be m(d). Suppose 0 = j - 4, t*s - 4*s + 3*j = -12. What is the units digit of s?
6
Let p(z) = -z**3 - 5*z**2 - z + 7. Let n(x) = x. Let b be n(6). Let r be (-3)/(-6)*2 - b. What is the units digit of p(r)?
2
Suppose -2*g + 5*l = -49, 3*g - 7*g - 3*l + 137 = 0. What is the tens digit of g?
3
Let o = -4 + 3. Let r be (-58)/3*(-2 + o). Suppose 4*f - r = 6. What is the units digit of f?
6
Suppose -10 = -4*w - 6. Let z be (0/(-3))/(w + 0). What is the units digit of (11 - 2)/(z - -1)?
9
Let l(a) = a + 12. Let q be l(-10). Suppose 3*r = -2*u + r + 12, 0 = -4*u + q*r + 54. Let w(s) = s**2 - 11*s + 10. What is the tens digit of w(u)?
1
Suppose j + 2*d + 1 = 0, 0 = -6*j + 4*j + 2*d + 4. Suppose -o + 0*o + j = 0. What is the units digit of o?
1
What is the hundreds digit of (10/(-2))/((-2)/76)?
1
Let j(s) be the second derivative of -s**5/20 + s**4/4 + s**3 - 3*s**2/2 + s. What is the units digit of j(4)?
5
Suppose -77 - 19 = -4*a. Let s be 4/(-22) + a/11. Suppose s*u - 8 = -6*q + 2*q, -2*q - 6 = -4*u. What is the units digit of q?
1
Suppose 8 = 5*n - 7. Suppose -4*v = -5*a + 41, -3*v + n*a = -4*v + 11. Let d = v + 5. What is the units digit of d?
1
Let z = 17 - -60. Let d = -34 + z. What is the units digit of d?
3
Let d be 5 - (-3 - -1)/1. Let p(a) = a - 4. Let l be p(d). Suppose l + 17 = m. What is the tens digit of m?
2
Suppose 0 = 4*b - 0*b - 320. What is the tens digit of b?
8
Let h = 55 - 15. Let c = h + -27. Let p = c - 7. What is the units digit of p?
6
Suppose -4*n - 5*x + 648 = -x, 0 = x - 1. What is the hundreds digit of n?
1
Let i(d) be the first derivative of -d**2 - 7*d - 1. Let v be i(-5). Let o = v - 1. What is the units digit of o?
2
Suppose 7*j = 3*j + 8. What is the units digit of j?
2
Let a(h) = 19*h - 1 - 8*h - 2*h. What is the units digit of a(2)?
7
Suppose -13*c - 44 = -17*c. Suppose c = q + i - 1, 0 = 2*i + 8. What is the units digit of q?
6
Suppose 2*s - 3 = 4*p - 5, -s = 3*p - 9. What is the tens digit of s + -1 + 12/1?
1
What is the tens digit of 17*6 + -3 + (5 - -2)?
0
What is the tens digit of 12/(-4) + 3 + 47?
4
Let l(q) = -q**2 - 12*q - 8. Let i be l(-12). Let a(y) = y**3 + 8*y**2 - 2*y + 9. What is the tens digit of a(i)?
2
Let t(q) = q**3 - 6*q**2 + 7*q. What is the tens digit of t(5)?
1
Suppose -5*p + 1461 = -6*q + 2*q, -q = -p + 293. What is the tens digit of p?
8
Let c(u) = -u**3 - 7*u**2 - 5*u - 2. Let b be c(-6). What is the units digit of 2*(-100)/b + 3?
8
Let h = 34 - -59. What is the units digit of h?
3
Let s = 85 - 10. What is the tens digit of s?
7
Let d(r) = r**3 - 4*r**2 - r + 2. Let c be d(3). Let s = -5 - c. What is the units digit of s?
5
Let x(q) be the second derivative of -q**5/10 - 5*q**4/12 - q**3/3 - 3*q. What is the units digit of x(-3)?
5
Suppose -20*d + 312 = -14*d. What is the tens digit of d?
5
Let x be (-1)/(-3) - 11/(-3). Suppose 9 = 2*h - 3*m, -x*h + 1 + 6 = 5*m. Suppose 0 = h*s - 3*w - 54, -2*s + w + 32 = 3*w. What is the units digit of s?
7
Suppose 0 = -n - 3*n + 44. Let d = n - 5. What is the units digit of d?
6
Let y(p) be the first derivative of 17*p**2/2 + p + 8. What is the units digit of y(1)?
8
Suppose 3*a = 5 - 2. Let f be 21/7 + a + -1. Suppose 5*n - f*m = 49, -2*n = -n + m - 13. What is the tens digit of n?
1
Let l = 46 + -20. Suppose -2*k + l = -4*p - p, 2*p = -8. Suppose w = -k*r + 15, 4*w + 5*r - 5 = 27. What is the units digit of w?
3
Suppose 4*t + 8 = i + 2*t, i = 3*t + 8. Suppose -3*q = -2*x - 44, i = -2*q + 2*x + 34. Suppose v = 3*r + q, 6 = 4*v + r - 27. What is the units digit of v?
9
Suppose -15*r + 12 = -13*r. What is the units digit of r?
6
Let r = -14 + 28. What is the tens digit of r?
1